{"id":111,"date":"2026-01-08T12:35:02","date_gmt":"2026-01-08T12:35:02","guid":{"rendered":"https:\/\/www.agnescastel.pro\/?page_id=111"},"modified":"2026-01-26T09:51:25","modified_gmt":"2026-01-26T09:51:25","slug":"accueil","status":"publish","type":"page","link":"https:\/\/www.agnescastel.pro\/","title":{"rendered":"Accueil"},"content":{"rendered":"\n<p class=\"has-text-align-center has-x-large-font-size\"><strong>Bienvenue sur le site d&#8217;Agn\u00e8s Castel<\/strong><\/p>\n\n\n\n<p class=\"has-text-align-center has-x-large-font-size\">Centre Magnetic Flow<\/p>\n\n\n\n<p class=\"has-text-align-center\">\u00e0 Honfleur en Normandie<\/p>\n\n\n\n<figure class=\"wp-block-image aligncenter size-thumbnail\"><img loading=\"lazy\" decoding=\"async\" width=\"150\" height=\"150\" src=\"https:\/\/www.agnescastel.pro\/wp-content\/uploads\/2026\/01\/IMG_0159-13-150x150.jpg\" alt=\"\" class=\"wp-image-378\"\/><\/figure>\n\n\n\n<p><br>Que vous arriviez fatigu\u00e9.e, tendu.e, submerg\u00e9.e par vos \u00e9motions ou avec des douleurs physiques, je vous accueille, dans un espace o\u00f9 vous pouvez enfin d\u00e9poser ce que vous portez et respirer \u00e0 nouveau.<\/p>\n\n\n\n<p class=\"has-text-align-center has-background\" style=\"background-color:#f2c8a2\">Ce que je propose :<\/p>\n\n\n\n<p>\u2022 Magn\u00e9toth\u00e9rapie : des s\u00e9ances pour apaiser les douleurs, rel\u00e2cher les tensions, harmoniser votre \u00e9nergie et soutenir votre corps dans ses processus de r\u00e9g\u00e9n\u00e9ration.<\/p>\n\n\n\n<p>\u2022 Accompagnement personnalis\u00e9 : un soutien sur mesure lorsque vous traversez des p\u00e9riodes de doute, de surcharge ou de transition, afin de retrouver clart\u00e9, \u00e9lan et confiance.      <\/p>\n\n\n\n<p>  \u00ab Le Th\u00e9\u00e2tre de la vie,<\/p>\n\n\n\n<p> je vous invite \u00e0 regarder votre vie comme une sc\u00e8ne de th\u00e9\u00e2tre, et \u00e0 poser un regard nouveau sur les \u00e9v\u00e9nements que vous traversez. Gr\u00e2ce \u00e0 la parole, \u00e0 la vibration de la voix et \u00e0 ma connexion \u00e0 votre \u00e9nergie, je mets en lumi\u00e8re ce qui se joue pour vous et les liens cach\u00e9s entre les situations. <\/p>\n\n\n\n<p>Ce travail ouvre des verrous profonds, lib\u00e8re ce qui \u00e9tait retenu depuis longtemps et vous permet de retrouver une sensation de vie, de clart\u00e9 et de luminosit\u00e9 int\u00e9rieure. <\/p>\n\n\n\n<p>Beaucoup de personnes repartent en se sentant plus libres, plus align\u00e9es, comme si quelque chose s\u2019\u00e9tait enfin remis en mouvement. \u00bb<\/p>\n\n\n\n<p class=\"has-text-align-center has-background\" style=\"background-color:#f2c8a2\">L\u2019esprit du lieu :<\/p>\n\n\n\n<p>Ici, vous entrez dans un espace hors du temps, o\u00f9 le t\u00e9l\u00e9phone se met de c\u00f4t\u00e9 et o\u00f9 vos obligations restent \u00e0 la porte. <\/p>\n\n\n\n<p>C\u2019est un moment qui vous est d\u00e9di\u00e9, sans distraction, sans pression, pour vous permettre de souffler, de vous recentrer et d\u2019\u00e9couter ce qui se passe vraiment \u00e0 l\u2019int\u00e9rieur.<\/p>\n\n\n\n<p> Vous devenez votre propre priorit\u00e9, le temps d\u2019une s\u00e9ance, et c\u2019est \u00e0 partir de l\u00e0 que quelque chose peut se transformer en profondeur.<\/p>\n\n\n\n<figure class=\"wp-block-image aligncenter size-thumbnail\"><img loading=\"lazy\" decoding=\"async\" width=\"150\" height=\"150\" src=\"https:\/\/www.agnescastel.pro\/wp-content\/uploads\/2026\/01\/IMG_9036-2-150x150.jpeg\" alt=\"\" class=\"wp-image-396\"\/><\/figure>\n\n\n\n<p class=\"has-text-align-center has-background has-large-font-size\" style=\"background-color:#f7d0b3\"><strong>Si vous sentez que cet espace vous appelle, je vous invite \u00e0 d\u00e9couvrir les d\u00e9tails, la table Magnetar H5, les s\u00e9ances, les tarifs et accompagnements propos\u00e9s<\/strong>.<\/p>\n\n\n\n<div class=\"wp-block-buttons alignwide is-content-justification-center is-layout-flex wp-container-core-buttons-is-layout-a89b3969 wp-block-buttons-is-layout-flex\">\n<div class=\"wp-block-button\"><a class=\"wp-block-button__link has-text-align-center wp-element-button\" href=\"https:\/\/www.agnescastel.pro\/index.php\/troubles-pouvant-etre-soulages-par-la-magnetotherapie\/\">Voir les troubles pouvant \u00eatre soulag\u00e9s<\/a><\/div>\n<\/div>\n\n\n\n<div class=\"wp-block-buttons alignwide is-content-justification-center is-layout-flex wp-container-core-buttons-is-layout-a89b3969 wp-block-buttons-is-layout-flex\">\n<div class=\"wp-block-button\"><a class=\"wp-block-button__link has-text-align-right wp-element-button\" href=\"https:\/\/www.agnescastel.pro\/index.php\/seances-tarifs\/\">S\u00e9ances, Accompagnements et Tarifs<\/a><\/div>\n<\/div>\n","protected":false},"excerpt":{"rendered":"<p>Bienvenue sur le site d&#8217;Agn\u00e8s Castel Centre Magnetic Flow \u00e0 Honfleur en Normandie Que vous arriviez fatigu\u00e9.e, tendu.e, submerg\u00e9.e par vos \u00e9motions ou avec des douleurs physiques, je vous accueille, dans un espace o\u00f9 vous pouvez enfin d\u00e9poser ce que vous portez et respirer \u00e0 nouveau. Ce que je propose : \u2022 Magn\u00e9toth\u00e9rapie : des [&hellip;]<\/p>\n","protected":false},"author":1,"featured_media":0,"parent":0,"menu_order":0,"comment_status":"closed","ping_status":"closed","template":"","meta":{"footnotes":""},"class_list":["post-111","page","type-page","status-publish","hentry"],"_links":{"self":[{"href":"https:\/\/www.agnescastel.pro\/index.php\/wp-json\/wp\/v2\/pages\/111","targetHints":{"allow":["GET"]}}],"collection":[{"href":"https:\/\/www.agnescastel.pro\/index.php\/wp-json\/wp\/v2\/pages"}],"about":[{"href":"https:\/\/www.agnescastel.pro\/index.php\/wp-json\/wp\/v2\/types\/page"}],"author":[{"embeddable":true,"href":"https:\/\/www.agnescastel.pro\/index.php\/wp-json\/wp\/v2\/users\/1"}],"replies":[{"embeddable":true,"href":"https:\/\/www.agnescastel.pro\/index.php\/wp-json\/wp\/v2\/comments?post=111"}],"version-history":[{"count":66,"href":"https:\/\/www.agnescastel.pro\/index.php\/wp-json\/wp\/v2\/pages\/111\/revisions"}],"predecessor-version":[{"id":461,"href":"https:\/\/www.agnescastel.pro\/index.php\/wp-json\/wp\/v2\/pages\/111\/revisions\/461"}],"wp:attachment":[{"href":"https:\/\/www.agnescastel.pro\/index.php\/wp-json\/wp\/v2\/media?parent=111"}],"curies":[{"name":"wp","href":"https:\/\/api.w.org\/{rel}","templated":true}]}}